**2 + 6*y + 39. Let p(z) = -8*z**2 - z - 9. Let d(j) = 9*p(j) + 2*s(j). What is d(1)?
-8
Let w(k) be the second derivative of k**4/12 + k**3/3 - 2*k**2 - 7*k. Let r be (4/5)/(7/105). Let p = r + -9. Give w(p).
11
Let y(a) = -a**2 - 5*a - 5. Let f(d) = 3*d**2 + 12*d + 10. Let w(u) = 2*f(u) + 5*y(u). What is w(3)?
1
Let f(h) be the second derivative of h**7/2520 - h**5/120 - 5*h**4/6 - 3*h. Let w(b) be the third derivative of f(b). Give w(2).
3
Suppose 3*v + 10*u - 7*u + 18 = 0, 5*v + 3*u = -32. Let b(h) = -5*h - 40. Calculate b(v).
-5
Suppose 12*h + 32 = 8*h. Let y be -18*-2*(-2)/h. Suppose 34 = -5*i + y. Let j(n) = -n - 9. What is j(i)?
-4
Let a(m) = m**2 + 4*m - 4. Let n = 333 - 356. Suppose 32 + 6 = 2*g. Let r = n + g. What is a(r)?
-4
Let h(r) = -3*r + 23 - 7*r - 22 + 7*r. Give h(-4).
13
Let l(b) = -7*b + 1. Let d(r) be the first derivative of 15*r**2/2 - r + 5. Let f(t) = -6*d(t) - 13*l(t). What is f(11)?
4
Let s(z) be the first derivative of 2*z**3/3 + z + 4. Suppose 5*o + 15 = 60. Let b = o + -10. Determine s(b).
3
Let d(m) = -m**2 + 4*m - 4. Let o be d(4). Let j(i) be the first derivative of -i**4/4 - 4*i**3/3 + 5*i - 21. Calculate j(o).
5
Let l(x) = 6*x**2 + 2. Let i be 11 + (-10 - -3) - 3. Give l(i).
8
Suppose -2*d = -5*c + 8, 4*d + 2*c - 40 = -2*c. Let o(a) = 3*a - 4. Let w(i) = 5*i - 6. Let k(z) = -3*o(z) + 2*w(z). What is k(d)?
6
Let y = 36 - 23. Suppose -n - 19 = 2*q - 6*n, -2*n + y = q. Let x(f) = -5*f - f + 0*f + q*f - 7. What is x(-6)?
11
Let f(o) be the third derivative of -o**5/60 - 5*o**4/24 + o**3/3 + 66*o**2. Determine f(-6).
-4
Let u(x) = -4*x - 3. Let n be u(-2). Let l(a) be the third derivative of 38*a**2 + 0 + 11/6*a**3 - 1/24*a**4 + 0*a. Give l(n).
6
Let s(v) = -50*v**2 - 3*v**3 + 50*v**2. Let o = -631 - -632. Calculate s(o).
-3
Let q(d) = -d**3 - 17*d**2 + 21*d + 39. Suppose 0 = -r - 21*y + 16*y - 38, -3*y = -2*r - 24. Calculate q(r).
-15
Let g(m) = m**3 - 5*m**2 + 2*m - 7. Let i be (-94)/(-18) + 6/(-27). Let v be g(i). Let o(q) = -6*q**3 + 0*q**2 - 3*q**v + q**2. Calculate o(1).
-8
Let x(p) be the first derivative of p**7/120 - p**6/360 - p**5/120 - 11*p**3/3 - 19. Let t(b) be the third derivative of x(b). Let d = 4 + -5. What is t(d)?
-7
Let p(t) = -4*t + 16. Let s(j) = 0*j - 2*j + 3*j - 1. Let h(a) = p(a) + 3*s(a). Let k(b) = -4*b - 29. Let d be k(-9). Calculate h(d).
6
Let t = 651 - 639. Let z(y) = -2*y + 26. Calculate z(t).
2
Suppose -2*l = -2*j + 5*j - 9, 0 = j - l - 3. Suppose 3*a - 7*a - 2*b = 10, -3*b = j*a. Let c(k) = -k**3 - 6*k**2 - 7*k - 5. Determine c(a).
5
Let t(p) = -2*p**3 + 3*p**2 - p + 1. Suppose 2*d = -5*f + 107, -7*d = -6*d - 2*f - 40. Let m = -44 + d. Give t(m).
-5
Let a(c) = 62*c**2 + 50*c + 4. Let g(o) = -19*o**2 - 16*o - 1. Let k(x) = 4*a(x) + 13*g(x). Let f(j) = j**3 - 5*j**2 + 7*j - 5. Let p be f(4). Give k(p).
-4
Let g be (-7 - (4 - 13)) + -5. Let x(p) = 2 + 5 + 2*p - 6. Determine x(g).
-5
Suppose 3*m + 3*j - 6 = m, -4*m = -2*j - 28. Let t(l) = l**3 - 2*l**2 + 2*l - 1. Let d be t(1). Let y(u) = 6 - u**2 + 4*u - 3 + d*u**2. Determine y(m).
-9
Let o(c) = -c - 3. Let k = -1423 + 1416. Determine o(k).
4
Suppose 6*l = 3*l. Suppose -2 = -l*b - b. Let v(k) = -3*k + 2*k**3 + 6*k + 0*k - k**3 - 3*k**2. Calculate v(b).
2
Let y(z) = 3*z - 4. Let f be y(5). Let g(h) = -5*h**3 + 5*h - 15. Let p(i) = i**3 - i + 3. Let u(t) = f*p(t) + 2*g(t). Let x = -38498 + 38498. Calculate u(x).
3
Let w(s) = -s**3 + 8*s**2 + 8*s. Suppose 30*n - 63 = 23*n. Determine w(n).
-9
Let s(i) = -i + 1. Let y(n) = 2*n - 8. Let x(q) = -6*s(q) - y(q). Suppose 3*u + 4*t = 1, -u - 17 - 8 = -5*t. Let r = 7 + u. Give x(r).
10
Let r(w) = -2*w + 1. Let i(a) = -71*a - 1. Let k be i(0). Determine r(k).
3
Let y(j) = -4*j - 3. Let b(z) = -13*z - 13. Let l(d) = -b(d) + 3*y(d). Let i(f) = f**2 - 6*f - 5. Let p be i(6). What is l(p)?
-1
Let r = -418 + 837/2. Let z(l) be the first derivative of -r*l**2 + 4 + 7*l. Calculate z(4).
3
Let d(i) = -3*i - 2. Let q be d(-3). Let o(w) = -2*w**2 - 62*w + 4*w**2 + 33*w - 3*w**2 + 35*w + 7. Determine o(q).
0
Let u(k) = 11*k**3 + 4*k**2 - 4*k + 6. Let g(l) = 13*l**3 + 4*l**2 - 5*l + 7. Let b(z) = -5*g(z) + 6*u(z). Let q be 52/(-14) - 4/14. Calculate b(q).
-3
Let r(m) = -7*m**2 - 48*m + 25. Let z(h) = -10*h**2 - 70*h + 37. Let t(v) = 7*r(v) - 5*z(v). Determine t(-11).
-43
Let a(g) = g - 28. Let p(t) = 3*t - 80. Let j(x) = 11*a(x) - 4*p(x). Give j(9).
3
Suppose -3*i + 14 = -i. Let t(o) = 0*o**2 - o**2 + 8*o - 5 - 5. Give t(i).
-3
Suppose -5*v + 3*k = 4*k - 14, 5*k = -5. Let x(w) = -5*w + 7. What is x(v)?
-8
Let u(h) = -h**2 - 2*h + 3. Let v be u(2). Let d(b) be the first derivative of 1/3*b**3 + 1 + 2*b**2 + 7*b. Give d(v).
12
Let t be 50/18 + (-13)/((-585)/10). Let m(v) = v**2 - 2*v + 4. Give m(t).
7
Let v(y) be the first derivative of y**5/60 - y**4/24 - 7*y**3/6 + 26*y**2 - 34. Let m(h) be the second derivative of v(h). Give m(0).
-7
Let x(y) = -y**2 - 29*y - 199. Let h be x(-13). Let g(r) = r**2 - 10*r + 2. Determine g(h).
-7
Let n(a) = -4*a - 2649 + 2649. Suppose -3*d = -0*d - 9. Suppose 0 = 5*p - 5, i + 3*i = -p - d. Determine n(i).
4
Suppose -1 = 3*t + 11. Let f(h) = h**3 - 9*h**2 + 2*h - 9. Let i(p) = 2*p**3 - 19*p**2 + 3*p - 19. Let s(b) = t*i(b) + 9*f(b). Calculate s(4).
3
Let m(o) be the second derivative of -o**3/6 - 2*o**2 + 3*o. Let z be m(7). Let a = 9 + z. Let t(i) = -6*i - 3. Calculate t(a).
9
Let h(o) be the first derivative of -5*o**4/4 + o**3/3 - o**2/2 - o - 120. What is h(-1)?
6
Let y(n) = n**3 - 8*n**2 + 7*n + 5. Let c be y(7). Let j(f) = 6 - 22*f + 3*f + 3*f + 15*f. Calculate j(c).
1
Let k(i) = -2*i**3 - 7*i**2 - 5*i - 1. Let c(x) = 4*x**3 + 16*x**2 + 11*x + 2. Let s(w) = 4*c(w) + 9*k(w). Calculate s(-2).
21
Let k = -1 - -16. Let r(u) = -20*u - 2 + 7*u + k*u. Determine r(2).
2
Let q(t) be the first derivative of -t**4/4 + 4*t**3 + 4*t + 181. Give q(12).
4
Suppose 11 = -3*z + 71. Suppose -m + 2*m + 5*h - z = 0, -2*m = -2*h + 20. Let g(l) = -l**3 - 4*l**2 + 5*l + 5. What is g(m)?
5
Let p(k) be the second derivative of -k**6/180 + k**5/40 - 2*k**4 - 8*k. Let j(a) be the third derivative of p(a). Give j(2).
-5
Let y(f) = -3*f**2 + 7 + 594*f - 2 + f**2 - 1150*f + 579*f. Determine y(12).
-7
Let z(s) = -35*s**2 + 43*s + 2. Let i(w) = -17*w**2 + 20*w + 1. Let d(j) = -13*i(j) + 6*z(j). Give d(-1).
12
Let v(r) = -5*r - 25. Let y(w) = w + 6. Let z(j) = 2*v(j) + 9*y(j). Suppose -4*n + 14 = 5*i - 5, 3*i - 7 = 2*n. Determine z(i).
1
Let j(r) = -r**2 + 6*r + 5. Let z be 10*(-9)/(-18) + 4 + -1. What is j(z)?
-11
Suppose 2*y = 3*d - d + 4, y = 2. Let a = -1792 + 1795. Let t be -3 - (-1 + a - d). Let p(f) = f**3 + 4*f**2 - 6*f + 2. Calculate p(t).
7
Let b(u) = u - 1 + u - 1 + u**2. Let y = -45 - -112. Let p = -65 + y. What is b(p)?
6
Let n(a) = a**3 - 3*a**2 + a - 3. Suppose -b - 18 = -7*b. Suppose 2*x - b = x. Give n(x).
0
Let p(i) be the third derivative of i**4/12 - 3*i**3/2 + 11*i**2. Calculate p(8).
7
Let q(x) = -x**2 + 8*x + 5. Let p be q(5). Suppose -16 = -v + 2*g - 4, -p = 5*g. Let d(w) = w**3 - 3*w**2 - w - 2. Give d(v).
10
Let w(d) be the second derivative of -d**4/12 + 5*d**3/6 + 5*d**2/2 - 24*d + 1. What is w(6)?
-1
Let u(g) = g**3 - 7*g**2 + 6*g - 3. Let y be 2/(-16) - 5121/(-72). Suppose y*b + 24 = 75*b. Give u(b).
-3
Let d(t) = 2*t**2 + t + 1. Let o be (4 - 10) + 3 + 0 + 5. Suppose -3*f - 1 = -o*f. Calculate d(f).
2
Let g(m) be the first derivative of -6 - 2*m - 7*m - m**2 + 2*m + 3*m. What is g(3)?
-10
Let n = -3 + 3. Let k(i) = -8 - 14*i**2 + 26*i**2 - 13*i**2 + i. Determine k(n).
-8
Let z be (33 + -8)/(-5) + 7. Let a(n) = -2*n**2 + 3*n. Give a(z).
-2
Let k(y) = -39*y**3 - y**2 - 2*y - 3. Let d(p) = p**3 + p**2 + p + 1. Let v(o) = 3*d(o) + k(o). Determine v(-1).
37
Let c(y) be the second derivative of -y**5/20 + 5*y**4/12 - 2*y**3/3 - 2*y. Suppose 5*l - 109 = -89. Determine c(l).
0
Suppose 4 = -5*q - 4*c + 46, -5*c - 10 = 0. Let n(u) = -3*u**2 - q*u + 10 + 4*u**2 + 13 - 16. Calculate n(6).
-17
Let i(a) be the third derivative of -a**4/24 - 8*a**3/3 + 63*a**2. Determine i(-9).
-7
Let w be ((-3)/(-4) - 0) + (-26)/(-104). Let l(f) = 9*f + 8*f**2 + 3*f**2 - 8 - w + 0 + f**3. What is l(-10)?
1
Let v(c) be the third derivative of c**6/120 - c**5/10 + c**4/6 - 7*c**3/6 - 4*c**2 + 15. Give